{"id":2,"date":"2016-10-21T05:20:26","date_gmt":"2016-10-21T03:20:26","guid":{"rendered":"http:\/\/www.ott-immo.com\/WP\/?page_id=2"},"modified":"2023-04-21T15:59:47","modified_gmt":"2023-04-21T13:59:47","slug":"accueil","status":"publish","type":"page","link":"https:\/\/www.ott-immo.com\/WP\/","title":{"rendered":"Accueil"},"content":{"rendered":"[vc_row section_background=\u00a0\u00bbimagebg\u00a0\u00bb image_background=\u00a0\u00bb65&Prime;][vc_column][rev_slider_vc alias=\u00a0\u00bbhomepage\u00a0\u00bb][vc_row_inner seqspeed=\u00a0\u00bb150&Prime; el_class=\u00a0\u00bbb3&Prime;][vc_column_inner el_class=\u00a0\u00bbb2&Prime; width=\u00a0\u00bb1\/3&Prime;][vc_single_image image=\u00a0\u00bb92&Prime; img_size=\u00a0\u00bbfull\u00a0\u00bb css=\u00a0\u00bb.vc_custom_1478019881787{margin-bottom: 0px !important;border-bottom-width: 0px !important;padding-bottom: 0px !important;}\u00a0\u00bb][vc_column_text el_class=\u00a0\u00bbb2&Prime;]D\u00e9couvrez l&rsquo;ensemble de nos offres locatives en&nbsp;France et en&nbsp;Suisse[\/vc_column_text][\/vc_column_inner][vc_column_inner el_class=\u00a0\u00bbb2&Prime; width=\u00a0\u00bb1\/3&Prime;][vc_single_image image=\u00a0\u00bb93&Prime; img_size=\u00a0\u00bbfull\u00a0\u00bb css=\u00a0\u00bb.vc_custom_1477905338767{margin-bottom: 0px !important;border-bottom-width: 0px !important;padding-bottom: 0px !important;}\u00a0\u00bb][vc_column_text el_class=\u00a0\u00bbb2&Prime;]D\u00e9couvrez l&rsquo;ensemble de nos biens mis en Vente &nbsp;en France et en&nbsp;Suisse[\/vc_column_text][\/vc_column_inner][vc_column_inner el_class=\u00a0\u00bbb2&Prime; width=\u00a0\u00bb1\/3&Prime;][vc_single_image image=\u00a0\u00bb94&Prime; img_size=\u00a0\u00bbfull\u00a0\u00bb css=\u00a0\u00bb.vc_custom_1477905348713{margin-bottom: 0px !important;border-bottom-width: 0px !important;padding-bottom: 0px !important;}\u00a0\u00bb][vc_column_text el_class=\u00a0\u00bbb2&Prime;]<a href=\"http:\/\/www.adagio-realestate.com\" target=\"_blank\" rel=\"noopener noreferrer\">D\u00e9couvrez nos prestations dans le cadre de nos r\u00e9sidences h\u00f4teli\u00e8re<\/a>[\/vc_column_text][\/vc_column_inner][\/vc_row_inner][vc_row_inner][vc_column_inner][vc_column_text el_class=\u00a0\u00bbboxxed3&Prime;]<\/p>\n<h4 style=\"text-align: center;\">Locations &#8211; Ventes &#8211; Transactions Immobili\u00e8res<\/h4>\n<p>[\/vc_column_text][\/vc_column_inner][\/vc_row_inner][\/vc_column][\/vc_row]\n","protected":false},"excerpt":{"rendered":"<p>[vc_row section_background=\u00a0\u00bbimagebg\u00a0\u00bb image_background=\u00a0\u00bb65&Prime;][vc_column][rev_slider_vc alias=\u00a0\u00bbhomepage\u00a0\u00bb][vc_row_inner seqspeed=\u00a0\u00bb150&Prime; el_class=\u00a0\u00bbb3&Prime;][vc_column_inner el_class=\u00a0\u00bbb2&Prime; width=\u00a0\u00bb1\/3&Prime;][vc_single_image image=\u00a0\u00bb92&Prime; img_size=\u00a0\u00bbfull\u00a0\u00bb css=\u00a0\u00bb.vc_custom_1478019881787{margin-bottom: 0px !important;border-bottom-width: 0px !important;padding-bottom: 0px !important;}\u00a0\u00bb][vc_column_text el_class=\u00a0\u00bbb2&Prime;]D\u00e9couvrez l&rsquo;ensemble de nos offres locatives en&nbsp;France et en&nbsp;Suisse[\/vc_column_text][\/vc_column_inner][vc_column_inner el_class=\u00a0\u00bbb2&Prime; width=\u00a0\u00bb1\/3&Prime;][vc_single_image image=\u00a0\u00bb93&Prime; img_size=\u00a0\u00bbfull\u00a0\u00bb css=\u00a0\u00bb.vc_custom_1477905338767{margin-bottom: 0px !important;border-bottom-width: 0px !important;padding-bottom: 0px !important;}\u00a0\u00bb][vc_column_text el_class=\u00a0\u00bbb2&Prime;]D\u00e9couvrez l&rsquo;ensemble de nos biens mis en Vente &nbsp;en France et en&nbsp;Suisse[\/vc_column_text][\/vc_column_inner][vc_column_inner el_class=\u00a0\u00bbb2&Prime; &hellip; <a class=\"readmore\" href=\"https:\/\/www.ott-immo.com\/WP\/\">Continue reading <span class=\"meta-nav\">&rarr;<\/span><\/a><\/p>\n","protected":false},"author":1,"featured_media":0,"parent":0,"menu_order":0,"comment_status":"closed","ping_status":"open","template":"template\/template-landing-page-vc.php","meta":[],"yoast_head":"<!-- This site is optimized with the Yoast SEO plugin v20.5 - https:\/\/yoast.com\/wordpress\/plugins\/seo\/ -->\n<title>Accueil - OTT Immo<\/title>\n<meta name=\"robots\" content=\"index, follow, max-snippet:-1, max-image-preview:large, max-video-preview:-1\" \/>\n<link rel=\"canonical\" href=\"https:\/\/www.ott-immo.com\/WP\/\" \/>\n<meta property=\"og:locale\" content=\"fr_FR\" \/>\n<meta property=\"og:type\" content=\"article\" \/>\n<meta property=\"og:title\" content=\"Accueil - OTT Immo\" \/>\n<meta property=\"og:description\" content=\"[vc_row section_background=\u00a0\u00bbimagebg\u00a0\u00bb image_background=\u00a0\u00bb65&Prime;][vc_column][rev_slider_vc alias=\u00a0\u00bbhomepage\u00a0\u00bb][vc_row_inner seqspeed=\u00a0\u00bb150&Prime; el_class=\u00a0\u00bbb3&Prime;][vc_column_inner el_class=\u00a0\u00bbb2&Prime; width=\u00a0\u00bb1\/3&Prime;][vc_single_image image=\u00a0\u00bb92&Prime; img_size=\u00a0\u00bbfull\u00a0\u00bb css=\u00a0\u00bb.vc_custom_1478019881787{margin-bottom: 0px !important;border-bottom-width: 0px !important;padding-bottom: 0px !important;}\u00a0\u00bb][vc_column_text el_class=\u00a0\u00bbb2&Prime;]D\u00e9couvrez l&rsquo;ensemble de nos offres locatives en&nbsp;France et en&nbsp;Suisse[\/vc_column_text][\/vc_column_inner][vc_column_inner el_class=\u00a0\u00bbb2&Prime; width=\u00a0\u00bb1\/3&Prime;][vc_single_image image=\u00a0\u00bb93&Prime; img_size=\u00a0\u00bbfull\u00a0\u00bb css=\u00a0\u00bb.vc_custom_1477905338767{margin-bottom: 0px !important;border-bottom-width: 0px !important;padding-bottom: 0px !important;}\u00a0\u00bb][vc_column_text el_class=\u00a0\u00bbb2&Prime;]D\u00e9couvrez l&rsquo;ensemble de nos biens mis en Vente &nbsp;en France et en&nbsp;Suisse[\/vc_column_text][\/vc_column_inner][vc_column_inner el_class=\u00a0\u00bbb2&Prime; &hellip; Continue reading &rarr;\" \/>\n<meta property=\"og:url\" content=\"https:\/\/www.ott-immo.com\/WP\/\" \/>\n<meta property=\"og:site_name\" content=\"OTT Immo\" \/>\n<meta property=\"article:modified_time\" content=\"2023-04-21T13:59:47+00:00\" \/>\n<meta name=\"twitter:card\" content=\"summary_large_image\" \/>\n<meta name=\"twitter:label1\" content=\"Dur\u00e9e de lecture estim\u00e9e\" \/>\n\t<meta name=\"twitter:data1\" content=\"1 minute\" \/>\n<script type=\"application\/ld+json\" class=\"yoast-schema-graph\">{\"@context\":\"https:\/\/schema.org\",\"@graph\":[{\"@type\":\"WebPage\",\"@id\":\"https:\/\/www.ott-immo.com\/WP\/\",\"url\":\"https:\/\/www.ott-immo.com\/WP\/\",\"name\":\"Accueil - OTT Immo\",\"isPartOf\":{\"@id\":\"https:\/\/www.ott-immo.com\/WP\/#website\"},\"datePublished\":\"2016-10-21T03:20:26+00:00\",\"dateModified\":\"2023-04-21T13:59:47+00:00\",\"breadcrumb\":{\"@id\":\"https:\/\/www.ott-immo.com\/WP\/#breadcrumb\"},\"inLanguage\":\"fr-FR\",\"potentialAction\":[{\"@type\":\"ReadAction\",\"target\":[\"https:\/\/www.ott-immo.com\/WP\/\"]}]},{\"@type\":\"BreadcrumbList\",\"@id\":\"https:\/\/www.ott-immo.com\/WP\/#breadcrumb\",\"itemListElement\":[{\"@type\":\"ListItem\",\"position\":1,\"name\":\"Accueil\",\"item\":\"https:\/\/www.ott-immo.com\/WP\/\"},{\"@type\":\"ListItem\",\"position\":2,\"name\":\"Accueil\"}]},{\"@type\":\"WebSite\",\"@id\":\"https:\/\/www.ott-immo.com\/WP\/#website\",\"url\":\"https:\/\/www.ott-immo.com\/WP\/\",\"name\":\"OTT Immo\",\"description\":\"Locations, ventes et transactions immobili\u00e8res\",\"potentialAction\":[{\"@type\":\"SearchAction\",\"target\":{\"@type\":\"EntryPoint\",\"urlTemplate\":\"https:\/\/www.ott-immo.com\/WP\/?s={search_term_string}\"},\"query-input\":\"required name=search_term_string\"}],\"inLanguage\":\"fr-FR\"}]}<\/script>\n<!-- \/ Yoast SEO plugin. -->","yoast_head_json":{"title":"Accueil - OTT Immo","robots":{"index":"index","follow":"follow","max-snippet":"max-snippet:-1","max-image-preview":"max-image-preview:large","max-video-preview":"max-video-preview:-1"},"canonical":"https:\/\/www.ott-immo.com\/WP\/","og_locale":"fr_FR","og_type":"article","og_title":"Accueil - OTT Immo","og_description":"[vc_row section_background=\u00a0\u00bbimagebg\u00a0\u00bb image_background=\u00a0\u00bb65&Prime;][vc_column][rev_slider_vc alias=\u00a0\u00bbhomepage\u00a0\u00bb][vc_row_inner seqspeed=\u00a0\u00bb150&Prime; el_class=\u00a0\u00bbb3&Prime;][vc_column_inner el_class=\u00a0\u00bbb2&Prime; width=\u00a0\u00bb1\/3&Prime;][vc_single_image image=\u00a0\u00bb92&Prime; img_size=\u00a0\u00bbfull\u00a0\u00bb css=\u00a0\u00bb.vc_custom_1478019881787{margin-bottom: 0px !important;border-bottom-width: 0px !important;padding-bottom: 0px !important;}\u00a0\u00bb][vc_column_text el_class=\u00a0\u00bbb2&Prime;]D\u00e9couvrez l&rsquo;ensemble de nos offres locatives en&nbsp;France et en&nbsp;Suisse[\/vc_column_text][\/vc_column_inner][vc_column_inner el_class=\u00a0\u00bbb2&Prime; width=\u00a0\u00bb1\/3&Prime;][vc_single_image image=\u00a0\u00bb93&Prime; img_size=\u00a0\u00bbfull\u00a0\u00bb css=\u00a0\u00bb.vc_custom_1477905338767{margin-bottom: 0px !important;border-bottom-width: 0px !important;padding-bottom: 0px !important;}\u00a0\u00bb][vc_column_text el_class=\u00a0\u00bbb2&Prime;]D\u00e9couvrez l&rsquo;ensemble de nos biens mis en Vente &nbsp;en France et en&nbsp;Suisse[\/vc_column_text][\/vc_column_inner][vc_column_inner el_class=\u00a0\u00bbb2&Prime; &hellip; Continue reading &rarr;","og_url":"https:\/\/www.ott-immo.com\/WP\/","og_site_name":"OTT Immo","article_modified_time":"2023-04-21T13:59:47+00:00","twitter_card":"summary_large_image","twitter_misc":{"Dur\u00e9e de lecture estim\u00e9e":"1 minute"},"schema":{"@context":"https:\/\/schema.org","@graph":[{"@type":"WebPage","@id":"https:\/\/www.ott-immo.com\/WP\/","url":"https:\/\/www.ott-immo.com\/WP\/","name":"Accueil - OTT Immo","isPartOf":{"@id":"https:\/\/www.ott-immo.com\/WP\/#website"},"datePublished":"2016-10-21T03:20:26+00:00","dateModified":"2023-04-21T13:59:47+00:00","breadcrumb":{"@id":"https:\/\/www.ott-immo.com\/WP\/#breadcrumb"},"inLanguage":"fr-FR","potentialAction":[{"@type":"ReadAction","target":["https:\/\/www.ott-immo.com\/WP\/"]}]},{"@type":"BreadcrumbList","@id":"https:\/\/www.ott-immo.com\/WP\/#breadcrumb","itemListElement":[{"@type":"ListItem","position":1,"name":"Accueil","item":"https:\/\/www.ott-immo.com\/WP\/"},{"@type":"ListItem","position":2,"name":"Accueil"}]},{"@type":"WebSite","@id":"https:\/\/www.ott-immo.com\/WP\/#website","url":"https:\/\/www.ott-immo.com\/WP\/","name":"OTT Immo","description":"Locations, ventes et transactions immobili\u00e8res","potentialAction":[{"@type":"SearchAction","target":{"@type":"EntryPoint","urlTemplate":"https:\/\/www.ott-immo.com\/WP\/?s={search_term_string}"},"query-input":"required name=search_term_string"}],"inLanguage":"fr-FR"}]}},"_links":{"self":[{"href":"https:\/\/www.ott-immo.com\/WP\/wp-json\/wp\/v2\/pages\/2"}],"collection":[{"href":"https:\/\/www.ott-immo.com\/WP\/wp-json\/wp\/v2\/pages"}],"about":[{"href":"https:\/\/www.ott-immo.com\/WP\/wp-json\/wp\/v2\/types\/page"}],"author":[{"embeddable":true,"href":"https:\/\/www.ott-immo.com\/WP\/wp-json\/wp\/v2\/users\/1"}],"replies":[{"embeddable":true,"href":"https:\/\/www.ott-immo.com\/WP\/wp-json\/wp\/v2\/comments?post=2"}],"version-history":[{"count":30,"href":"https:\/\/www.ott-immo.com\/WP\/wp-json\/wp\/v2\/pages\/2\/revisions"}],"predecessor-version":[{"id":217,"href":"https:\/\/www.ott-immo.com\/WP\/wp-json\/wp\/v2\/pages\/2\/revisions\/217"}],"wp:attachment":[{"href":"https:\/\/www.ott-immo.com\/WP\/wp-json\/wp\/v2\/media?parent=2"}],"curies":[{"name":"wp","href":"https:\/\/api.w.org\/{rel}","templated":true}]}}

[vc_row section_background= »imagebg » image_background= »65&Prime;][vc_column][rev_slider_vc alias= »homepage »][vc_row_inner seqspeed= »150&Prime; el_class= »b3&Prime;][vc_column_inner el_class= »b2&Prime; width= »1/3&Prime;][vc_single_image image= »92&Prime; img_size= »full » css= ».vc_custom_1478019881787{margin-bottom: 0px !important;border-bottom-width: 0px !important;padding-bottom: 0px !important;} »][vc_column_text el_class= »b2&Prime;]Découvrez l&rsquo;ensemble de nos offres locatives en&nbsp;France et en&nbsp;Suisse[/vc_column_text][/vc_column_inner][vc_column_inner el_class= »b2&Prime; width= »1/3&Prime;][vc_single_image image= »93&Prime; img_size= »full » css= ».vc_custom_1477905338767{margin-bottom: 0px !important;border-bottom-width: 0px !important;padding-bottom: 0px !important;} »][vc_column_text el_class= »b2&Prime;]Découvrez l&rsquo;ensemble de nos biens mis en Vente &nbsp;en France et en&nbsp;Suisse[/vc_column_text][/vc_column_inner][vc_column_inner el_class= »b2&Prime; width= »1/3&Prime;][vc_single_image image= »94&Prime; img_size= »full » css= ».vc_custom_1477905348713{margin-bottom: 0px !important;border-bottom-width: 0px !important;padding-bottom: 0px !important;} »][vc_column_text el_class= »b2&Prime;]<a href="http://www.adagio-realestate.com" target="_blank" rel="noopener noreferrer">Découvrez nos prestations dans le cadre de nos résidences hôtelière</a>[/vc_column_text][/vc_column_inner][/vc_row_inner][vc_row_inner][vc_column_inner][vc_column_text el_class= »boxxed3&Prime;]</p>
<h4 style="text-align: center;">Locations &#8211; Ventes &#8211; Transactions Immobilières</h4>
<p>[/vc_column_text][/vc_column_inner][/vc_row_inner][/vc_column][/vc_row]

<p>[vc_row section_background= »imagebg » image_background= »65&Prime;][vc_column][rev_slider_vc alias= »homepage »][vc_row_inner seqspeed= »150&Prime; el_class= »b3&Prime;][vc_column_inner el_class= »b2&Prime; width= »1/3&Prime;][vc_single_image image= »92&Prime; img_size= »full » css= ».vc_custom_1478019881787{margin-bottom: 0px !important;border-bottom-width: 0px !important;padding-bottom: 0px !important;} »][vc_column_text el_class= »b2&Prime;]Découvrez l&rsquo;ensemble de nos offres locatives en&nbsp;France et en&nbsp;Suisse[/vc_column_text][/vc_column_inner][vc_column_inner el_class= »b2&Prime; width= »1/3&Prime;][vc_single_image image= »93&Prime; img_size= »full » css= ».vc_custom_1477905338767{margin-bottom: 0px !important;border-bottom-width: 0px !important;padding-bottom: 0px !important;} »][vc_column_text el_class= »b2&Prime;]Découvrez l&rsquo;ensemble de nos biens mis en Vente &nbsp;en France et en&nbsp;Suisse[/vc_column_text][/vc_column_inner][vc_column_inner el_class= »b2&Prime; &hellip; <a class="readmore" href="https://www.ott-immo.com/WP/">Continue reading <span class="meta-nav">&rarr;</span></a></p>

<!-- This site is optimized with the Yoast SEO plugin v20.5 - https://yoast.com/wordpress/plugins/seo/ -->
<title>Accueil - OTT Immo</title>
<meta name="robots" content="index, follow, max-snippet:-1, max-image-preview:large, max-video-preview:-1" />
<link rel="canonical" href="https://www.ott-immo.com/WP/" />
<meta property="og:locale" content="fr_FR" />
<meta property="og:type" content="article" />
<meta property="og:title" content="Accueil - OTT Immo" />
<meta property="og:description" content="[vc_row section_background= »imagebg » image_background= »65&Prime;][vc_column][rev_slider_vc alias= »homepage »][vc_row_inner seqspeed= »150&Prime; el_class= »b3&Prime;][vc_column_inner el_class= »b2&Prime; width= »1/3&Prime;][vc_single_image image= »92&Prime; img_size= »full » css= ».vc_custom_1478019881787{margin-bottom: 0px !important;border-bottom-width: 0px !important;padding-bottom: 0px !important;} »][vc_column_text el_class= »b2&Prime;]Découvrez l&rsquo;ensemble de nos offres locatives en&nbsp;France et en&nbsp;Suisse[/vc_column_text][/vc_column_inner][vc_column_inner el_class= »b2&Prime; width= »1/3&Prime;][vc_single_image image= »93&Prime; img_size= »full » css= ».vc_custom_1477905338767{margin-bottom: 0px !important;border-bottom-width: 0px !important;padding-bottom: 0px !important;} »][vc_column_text el_class= »b2&Prime;]Découvrez l&rsquo;ensemble de nos biens mis en Vente &nbsp;en France et en&nbsp;Suisse[/vc_column_text][/vc_column_inner][vc_column_inner el_class= »b2&Prime; &hellip; Continue reading &rarr;" />
<meta property="og:url" content="https://www.ott-immo.com/WP/" />
<meta property="og:site_name" content="OTT Immo" />
<meta property="article:modified_time" content="2023-04-21T13:59:47+00:00" />
<meta name="twitter:card" content="summary_large_image" />
<meta name="twitter:label1" content="Durée de lecture estimée" />
	<meta name="twitter:data1" content="1 minute" />
<script type="application/ld+json" class="yoast-schema-graph">{"@context":"https://schema.org","@graph":[{"@type":"WebPage","@id":"https://www.ott-immo.com/WP/","url":"https://www.ott-immo.com/WP/","name":"Accueil - OTT Immo","isPartOf":{"@id":"https://www.ott-immo.com/WP/#website"},"datePublished":"2016-10-21T03:20:26+00:00","dateModified":"2023-04-21T13:59:47+00:00","breadcrumb":{"@id":"https://www.ott-immo.com/WP/#breadcrumb"},"inLanguage":"fr-FR","potentialAction":[{"@type":"ReadAction","target":["https://www.ott-immo.com/WP/"]}]},{"@type":"BreadcrumbList","@id":"https://www.ott-immo.com/WP/#breadcrumb","itemListElement":[{"@type":"ListItem","position":1,"name":"Accueil","item":"https://www.ott-immo.com/WP/"},{"@type":"ListItem","position":2,"name":"Accueil"}]},{"@type":"WebSite","@id":"https://www.ott-immo.com/WP/#website","url":"https://www.ott-immo.com/WP/","name":"OTT Immo","description":"Locations, ventes et transactions immobilières","potentialAction":[{"@type":"SearchAction","target":{"@type":"EntryPoint","urlTemplate":"https://www.ott-immo.com/WP/?s={search_term_string}"},"query-input":"required name=search_term_string"}],"inLanguage":"fr-FR"}]}</script>
<!-- / Yoast SEO plugin. -->

[vc_row section_background= »imagebg » image_background= »65&Prime;][vc_column][rev_slider_vc alias= »homepage »][vc_row_inner seqspeed= »150&Prime; el_class= »b3&Prime;][vc_column_inner el_class= »b2&Prime; width= »1/3&Prime;][vc_single_image image= »92&Prime; img_size= »full » css= ».vc_custom_1478019881787{margin-bottom: 0px !important;border-bottom-width: 0px !important;padding-bottom: 0px !important;} »][vc_column_text el_class= »b2&Prime;]Découvrez l&rsquo;ensemble de nos offres locatives en&nbsp;France et en&nbsp;Suisse[/vc_column_text][/vc_column_inner][vc_column_inner el_class= »b2&Prime; width= »1/3&Prime;][vc_single_image image= »93&Prime; img_size= »full » css= ».vc_custom_1477905338767{margin-bottom: 0px !important;border-bottom-width: 0px !important;padding-bottom: 0px !important;} »][vc_column_text el_class= »b2&Prime;]Découvrez l&rsquo;ensemble de nos biens mis en Vente &nbsp;en France et en&nbsp;Suisse[/vc_column_text][/vc_column_inner][vc_column_inner el_class= »b2&Prime; &hellip; Continue reading &rarr;

Locations, ventes et transactions immobilières
